 6) in base 12?
-1
1 (base 11) to base 7
1
What is -1003 (base 4) in base 9?
-74
-20 (base 13) to base 6
-42
What is 11 (base 9) in base 11?
a
Convert -503 (base 6) to base 2.
-10110111
Convert 430 (base 7) to base 4.
3121
Convert -1 (base 13) to base 2.
-1
Convert -20 (base 14) to base 16.
-1c
What is -d8 (base 14) in base 15?
-ca
Convert 39 (base 12) to base 2.
101101
Convert -354 (base 8) to base 13.
-152
What is 4 (base 6) in base 3?
11
Convert -5 (base 6) to base 15.
-5
Convert 0 (base 13) to base 12.
0
Convert 5 (base 15) to base 9.
5
54 (base 8) to base 13
35
What is 14 (base 14) in base 7?
24
What is 0 (base 7) in base 15?
0
Convert -27 (base 16) to base 3.
-1110
16 (base 9) to base 6
23
What is -57 (base 13) in base 10?
-72
-2 (base 8) to base 15
-2
Convert 37 (base 13) to base 4.
232
24 (base 7) to base 11
17
What is -1000010 (base 2) in base 16?
-42
What is -17 (base 13) in base 12?
-18
What is 6 (base 10) in base 2?
110
What is -53 (base 9) in base 8?
-60
What is -e (base 15) in base 2?
-1110
Convert -11 (base 10) to base 4.
-23
What is 2 (base 13) in base 10?
2
Convert -2 (base 9) to base 6.
-2
What is 0 (base 4) in base 2?
0
What is -363 (base 7) in base 9?
-233
What is -112 (base 11) in base 9?
-158
Convert -45 (base 13) to base 14.
-41
-26 (base 7) to base 14
-16
What is -30 (base 6) in base 16?
-12
What is -2 (base 8) in base 10?
-2
What is 1130 (base 4) in base 9?
112
What is 10110101 (base 2) in base 8?
265
-1 (base 5) to base 10
-1
What is 18 (base 12) in base 14?
16
-142 (base 5) to base 2
-101111
Convert -137 (base 8) to base 3.
-10112
What is 22 (base 12) in base 13?
20
What is -4 (base 13) in base 4?
-10
What is -150 (base 8) in base 7?
-206
4 (base 14) to base 8
4
Convert 8 (base 15) to base 12.
8
Convert -1 (base 9) to base 15.
-1
Convert -10 (base 4) to base 15.
-4
Convert 156 (base 15) to base 7.
615
Convert -4a (base 15) to base 12.
-5a
What is -1 (base 6) in base 10?
-1
-11 (base 12) to base 14
-d
Convert 334 (base 5) to base 9.
114
34 (base 14) to base 4
232
What is 1131 (base 5) in base 10?
166
What is -d5 (base 16) in base 14?
-113
What is 2 (base 13) in base 15?
2
-2 (base 16) to base 10
-2
What is -7a (base 16) in base 14?
-8a
1 (base 11) to base 10
1
What is -131 (base 4) in base 6?
-45
-31 (base 13) to base 9
-44
What is -21 (base 9) in base 7?
-25
Convert -3 (base 9) to base 8.
-3
-12 (base 13) to base 3
-120
Convert -11 (base 12) to base 15.
-d
What is -33 (base 7) in base 9?
-26
Convert -17c (base 14) to base 13.
-1a7
What is -1000100 (base 2) in base 7?
-125
-100 (base 6) to base 15
-26
Convert -5 (base 8) to base 9.
-5
0 (base 3) to base 2
0
What is 49 (base 15) in base 11?
63
Convert -65 (base 7) to base 12.
-3b
Convert -2211 (base 3) to base 4.
-1030
Convert 12111 (base 3) to base 12.
104
2 (base 5) to base 15
2
Convert -550 (base 6) to base 12.
-156
Convert -100 (base 4) to base 3.
-121
41 (base 13) to base 4
311
What is 141 (base 8) in base 10?
97
What is -5 (base 10) in base 7?
-5
-244 (base 5) to base 9
-82
What is -1 (base 4) in base 2?
-1
Convert 6 (base 9) to base 13.
6
What is 22 (base 9) in base 6?
32
-6 (base 11) to base 2
-110
Convert -12 (base 11) to base 15.
-d
-1 (base 12) to base 11
-1
Convert a (base 16) to base 5.
20
What is -10001 (base 2) in base 7?
-23
What is b7 (base 14) in base 8?
241
Convert -183 (base 14) to base 12.
-21b
Convert -ea (base 15) to base 9.
-264
Convert 1c (base 14) to base 16.
1a
-2 (base 14) to base 4
-2
-16 (base 15) to base 11
-1a
-3 (base 12) to base 3
-10
Convert 25 (base 13) to base 4.
133
What is -32 (base 4) in base 15?
-e
-32 (base 4) to base 3
-112
Convert -2 (base 13) to base 8.
-2
Convert 112 (base 6) to base 9.
48
-1 (base 15) to base 5
-1
What is -3 (base 10) in base 14?
-3
209 (base 11) to base 16
fb
-a9 (base 15) to base 14
-b5
-10 (base 14) to base 8
-16
What is 2203 (base 4) in base 10?
163
0 (base 12) to base 11
0
What is -21101 (base 3) in base 8?
-307
What is 2 (base 15) in base 5?
2
What is -14 (base 11) in base 10?
-15
Convert 101011 (base 2) to base 8.
53
What is 3 (base 14) in base 13?
3
What is -20202 (base 3) in base 4?
-2312
Convert -1100 (base 2) to base 12.
-10
Convert 4 (base 16) to base 6.
4
Convert 19 (base 12) to base 3.
210
What is -3 (base 12) in base 6?
-3
4 (base 16) to base 8
4
-3 (base 5) to base 10
-3
b (base 13) to base 16
b
Convert 1111111 (base 2) to base 6.
331
What is 3 (base 6) in base 3?
10
What is 1 (base 6) in base 14?
1
Convert 337 (base 10) to base 14.
1a1
Convert 26 (base 12) to base 8.
36
Convert 31 (base 9) to base 12.
24
-1 (base 12) to base 7
-1
Convert -3 (base 6) to base 16.
-3
What is 4 (base 10) in base 13?
4
Convert -34 (base 8) to base 10.
-28
d3 (base 14) to base 8
271
What is 132 (base 5) in base 12?
36
-56 (base 15) to base 2
-1010001
What is -2 (base 7) in base 14?
-2
-4 (base 14) to base 2
-100
-1 (base 15) to base 9
-1
Convert 3 (base 15) to base 8.
3
Convert 10001 (base 2) to base 5.
32
Convert 1a (base 11) to base 4.
111
Convert -111 (base 3) to base 5.
-23
What is 2 (base 4) in base 9?
2
Convert -1 (base 11) to base 4.
-1
Convert -2d (base 14) to base 8.
-51
What is 7 (base 10) in base 5?
12
2 (base 14) to base 4
2
What is 2133 (base 4) in base 11?
135
-21 (base 13) to base 2
-11011
What is -4 (base 11) in base 8?
-4
What is -56 (base 10) in base 3?
-2002
What is -10 (base 4) in base 14?
-4
What is 0 (base 3) in base 2?
0
205 (base 11) to base 2
11110111
Convert 2 (base 11) to base 8.
2
1 (base 3) to base 13
1
-b (base 15) to base 3
-102
Convert 2 (base 14) to base 9.
2
-a (base 12) to base 8
-12
7 (base 16) to base 10
7
-1010 (base 3) to base 5
-110
What is -1101 (base 2) in base 8?
-15
193 (base 10) to base 13
11b
Convert 60 (base 9) to base 6.
130
Convert 22 (base 5) to base 14.
c
What is 63 (base 12) in base 11?
69
-1 (base 2) to base 10
-1
Convert -10 (base 13) to base 5.
-23
1010011 (base 2) to base 8
123
110 (base 2) to base 4
12
What is 71 (base 12) in base 3?
10011
5 (base 16) to base 8
5
Convert 40 (base 12) to base 6.
120
What is 51 (base 10) in base 15?
36
Convert 42 (base 7) to base 9.
33
-96 (base 13) to base 3
-11120
Convert -25 (base 10) to base 9.
-27
What is -12 (base 6) in base 3?
-22
Convert 11 (base 2) to base 13.
3
What is 16 (base 9) in base 10?
15
2 (base 8) to base 12
2
-1 (base 6) to base 7
-1
Convert -12 (base 6) to base 5.
-13
What is 3 (base 13) in base 4?
3
What is 110 (base 2) in base 4?
12
3 (base 14) to base 2
11
-1 (base 8) to base 14
-1
What is 221 (base 7) in base 9?
135
-4 (base 6) to base 16
-4
0 (base 13) to base 6
0
What is -1b (base 13) in base 7?
-33
What is -110110 (base 2) in base 12?
-46
-462 (base 8) to base 13
-1a7
0 (base 3) to base 16
0
Convert 0 (base 9) to base 15.
0
-c3 (base 15) to base 13
-111
Convert -4 (base 14) to base 7.
-4
What is -16 (base 10) in base 4?
-100
Convert -14 (base 5) to base 7.
-12
Convert 94 (base 11) to base 10.
103
What is -80 (base 16) in base 3?
-11202
Convert -1122 (base 6) to base 8.
-412
4 (base 5) to base 10
4
What is -1 (base 11) in base 8?
-1
What is 10 (base 6) in base 16?
6
3 (base 6) to base 3
10
What is 111 (base 7) in base 12?
49
11 (base 8) to base 7
12
What is -110011 (base 2) in base 9?
-56
What is 22 (base 14) in base 6?
50
Convert -6 (base 8) to base 13.
-6
What is -34 (base 6) in base 10?
-22
Convert -31 (base 6) to base 13.
-16
-213 (base 4) to base 13
-30
-223 (base 4) to base 3
-1121
Convert 0 (base 3) to base 10.
0
What is -23 (base 5) in base 3?
-111
Convert 3 (base 14) to base 6.
3
Convert 10 (base 3) to base 11.
3
-100 (base 7) to base 10
-49
Convert 9 (base 14) to base 7.
12
Convert -2 (base 12) to base 16.
-2
What is -9 (base 15) in base 4?
-21
What is -25 (base 7) in base 16?
-13
Convert 23 (base 14) to base 3.
1011
What is -11122 (base 3) in base 4?
-1331
What is -43 (base 13) in base 4?
-313
Convert 1011000 (base 2) to base 9.
107
Convert 23 (base 4) to base 5.
21
What is 28 (base 16) in base 3?
1111
What is 103 (base 4) in base 13?
16
Convert -11 (base 13) to base 11.
-13
120 (base 8) to base 10
80
312 (base 4) to base 14
3c
-8 (base 12) to base 15
-8
-6 (base 13) to base 14
-6
Convert -321 (base 6) to base 15.
-81
What is -62 (base 7) in base 6?
-112
What is 54 (base 11) in base